Calculate the highest common divisor of 2410 and 197861.
241
Calculate the highest common divisor of 8916 and 952.
4
What is the highest common divisor of 701808518 and 67?
67
Calculate the highest common divisor of 660 and 3225288.
132
Calculate the greatest common factor of 1808568 and 136.
8
What is the highest common factor of 2221144 and 984?
8
What is the highest common factor of 2268 and 196476?
84
What is the highest common factor of 5 and 17590345?
5
What is the highest common divisor of 3033 and 372987?
9
Calculate the greatest common divisor of 437 and 6769291.
23
What is the highest common factor of 90226 and 109920?
458
Calculate the highest common factor of 2505289 and 57821.
863
Calculate the greatest common factor of 32 and 40283734.
2
Calculate the highest common factor of 97787077 and 1241.
1241
Calculate the greatest common divisor of 16858835 and 70.
35
What is the greatest common divisor of 9944 and 554740956?
4972
Calculate the greatest common divisor of 13496 and 1781713.
241
Calculate the greatest common divisor of 16747797 and 1672.
209
What is the highest common factor of 6605637 and 1074?
537
What is the greatest common factor of 69900 and 31575?
75
Calculate the greatest common divisor of 1660198700 and 100.
100
Calculate the highest common divisor of 9164 and 18192628.
116
What is the greatest common divisor of 25750307 and 55?
11
Calculate the highest common divisor of 25 and 26783125.
25
Calculate the highest common factor of 708244 and 36005.
19
Calculate the highest common divisor of 60672 and 2741504.
256
What is the highest common factor of 1184180 and 140?
20
What is the highest common divisor of 55 and 1990629960?
55
What is the highest common factor of 2919 and 32493057?
417
What is the highest common factor of 15504 and 30957?
51
Calculate the greatest common divisor of 216212 and 6179588.
1132
What is the greatest common factor of 74 and 1780537162?
74
Calculate the greatest common divisor of 80370081 and 33.
33
Calculate the greatest common factor of 2300 and 1819249975.
575
Calculate the greatest common factor of 9989082 and 261.
9
What is the highest common factor of 3685 and 2429152?
737
What is the greatest common divisor of 16800 and 9599520?
3360
Calculate the highest common factor of 5967320 and 4880.
40
What is the highest common divisor of 312096 and 75840?
96
What is the highest common factor of 444285240 and 28?
28
Calculate the greatest common divisor of 332 and 33916290.
166
What is the highest common factor of 45904 and 716344?
1208
What is the greatest common divisor of 673244 and 87516?
572
Calculate the highest common divisor of 470792 and 1708.
28
Calculate the greatest common factor of 1522222 and 1794.
26
What is the highest common factor of 96755705 and 670?
335
Calculate the greatest common divisor of 1260 and 8527652.
28
What is the highest common divisor of 16 and 91149824?
16
What is the highest common divisor of 4065 and 170034343?
271
What is the greatest common factor of 25129223 and 63?
7
Calculate the greatest common divisor of 1140 and 322601.
19
Calculate the highest common divisor of 11224 and 8694.
46
What is the highest common divisor of 2056 and 27914312?
2056
What is the greatest common factor of 1967163730 and 55230?
18410
Calculate the greatest common factor of 5891 and 18696142.
43
What is the highest common divisor of 128 and 105525952?
64
Calculate the greatest common divisor of 12751326 and 6902.
238
Calculate the greatest common divisor of 171737675 and 19.
19
Calculate the greatest common factor of 86224989 and 22902.
1041
What is the highest common factor of 1786 and 4447?
1
Calculate the greatest common divisor of 355 and 414569.
71
What is the highest common divisor of 57887010 and 639?
639
What is the highest common divisor of 6491200 and 9200?
400
What is the greatest common divisor of 24 and 494385744?
24
What is the greatest common factor of 38 and 21785039?
19
What is the greatest common factor of 1179018 and 1258?
34
What is the highest common divisor of 492 and 223480914?
246
Calculate the greatest common divisor of 1680 and 141776880.
1680
What is the greatest common divisor of 26439 and 25921551?
3777
What is the highest common divisor of 55462110 and 12?
6
What is the highest common factor of 12 and 22873308?
12
Calculate the greatest common factor of 3535276 and 3626.
74
What is the highest common divisor of 1458 and 584253?
81
Calculate the greatest common factor of 39059832 and 336.
168
What is the greatest common factor of 74057 and 114845?
103
Calculate the highest common divisor of 2450349 and 3735864.
5247
What is the greatest common factor of 80 and 78414520?
40
Calculate the highest common factor of 48 and 100999848.
24
What is the highest common divisor of 31540800 and 1050?
150
What is the greatest common divisor of 90 and 8612970?
30
What is the highest common divisor of 10 and 19007165?
5
Calculate the highest common factor of 1064 and 5363680.
56
Calculate the greatest common divisor of 11 and 82130653.
11
What is the highest common divisor of 30 and 2285355?
15
What is the highest common factor of 2806 and 812268?
46
What is the highest common divisor of 8606824 and 24?
8
Calculate the highest common divisor of 4390526 and 25256.
574
What is the highest common divisor of 473 and 3791282?
11
What is the highest common divisor of 704 and 3015210?
22
What is the greatest common factor of 40392 and 1528776?
1224
Calculate the highest common factor of 35888606 and 171.
19
What is the greatest common divisor of 9889785 and 65145?
645
What is the greatest common factor of 666 and 3118509?
9
Calculate the highest common divisor of 3560 and 398538440.
3560
What is the greatest common factor of 24645240 and 4760?
680
Calculate the greatest common factor of 114351 and 1262727.
2433
What is the greatest common divisor of 408934 and 3?
1
What is the highest common factor of 339 and 518511687?
339
What is the highest common divisor of 790 and 676915845?
395
Calculate the highest common divisor of 1204536 and 11904.
744
Calculate the highest common factor of 1914497 and 1348.
337
Calculate the greatest common factor of 35685 and 48435660.
585
Calculate the highest common factor of 472 and 127290376.
472
What is the highest common factor of 84557595 and 15?
15
Calculate the highest common factor of 33025080 and 360.
120
What is the highest common divisor of 83895 and 415905?
1785
Calculate the greatest common divisor of 261888 and 403248.
1488
Calculate the greatest common factor of 1393602 and 4.
2
Calculate the highest common factor of 355672 and 460.
92
Calculate the greatest common factor of 106651 and 201296.
23
What is the highest common divisor of 82648332 and 468?
468
Calculate the greatest common factor of 3182766 and 9120.
114
Calculate the greatest common divisor of 4705022 and 56.
14
Calculate the greatest common factor of 12190752 and 959.
7
What is the greatest common factor of 1165461 and 6?
3
Calculate the greatest common divisor of 585 and 350675.
65
Calculate the greatest common factor of 18608 and 143283926.
2326
Calculate the greatest common factor of 88 and 700788.
44
Calculate the highest common factor of 42 and 4919691.
21
Calculate the greatest common factor of 34684175 and 100.
25
Calculate the greatest common divisor of 76 and 132120376.
76
What is the highest common divisor of 13295688 and 180264?
4872
Calculate the greatest common divisor of 967591 and 3432791.
6163
Calculate the greatest common factor of 35 and 1185128.
7
What is the greatest common divisor of 356620 and 3707?
11
Calculate the greatest common factor of 476 and 11805633.
119
Calculate the greatest common divisor of 204956180 and 2860.
2860
Calculate the greatest common divisor of 414 and 11164936.
46
Calculate the greatest common divisor of 240 and 5289664.
16
Calculate the greatest common divisor of 32640 and 17391.
51
What is the highest common factor of 6081 and 15155879?
2027
What is the highest common factor of 36 and 3043242?
18
What is the greatest common divisor of 36496 and 5600?
16
Calculate the highest common divisor of 2530 and 46175950.
230
Calculate the highest common divisor of 136 and 14139155.
17
Calculate the highest common factor